{"id":2276,"date":"2019-07-15T11:29:28","date_gmt":"2019-07-15T09:29:28","guid":{"rendered":"https:\/\/demo.codeixer.com\/bariel\/?page_id=2276"},"modified":"2022-02-16T17:29:54","modified_gmt":"2022-02-16T16:29:54","slug":"kontakt","status":"publish","type":"page","link":"https:\/\/citygate.pl\/index.php\/kontakt\/","title":{"rendered":"Kontakt"},"content":{"rendered":"\t\t<div data-elementor-type=\"wp-post\" data-elementor-id=\"2276\" class=\"elementor elementor-2276\">\n\t\t\t\t\t\t\t\t\t<section class=\"elementor-section elementor-top-section elementor-element elementor-element-0a98edb elementor-section-stretched elementor-section-full_width elementor-section-height-default elementor-section-height-default\" data-id=\"0a98edb\" data-element_type=\"section\" data-settings=\"{&quot;stretch_section&quot;:&quot;section-stretched&quot;}\">\n\t\t\t\t\t\t<div class=\"elementor-container elementor-column-gap-no\">\n\t\t\t\t\t<div class=\"elementor-column elementor-col-100 elementor-top-column elementor-element elementor-element-9507dda\" data-id=\"9507dda\" data-element_type=\"column\">\n\t\t\t<div class=\"elementor-widget-wrap\">\n\t\t\t\t\t\t\t\t\t<\/div>\n\t\t<\/div>\n\t\t\t\t\t\t\t<\/div>\n\t\t<\/section>\n\t\t\t\t<section class=\"elementor-section elementor-top-section elementor-element elementor-element-ce97e74 elementor-section-full_width elementor-section-height-default elementor-section-height-default\" data-id=\"ce97e74\" data-element_type=\"section\">\n\t\t\t\t\t\t<div class=\"elementor-container elementor-column-gap-default\">\n\t\t\t\t\t<div class=\"elementor-column elementor-col-100 elementor-top-column elementor-element elementor-element-fa8ae64\" data-id=\"fa8ae64\" data-element_type=\"column\">\n\t\t\t<div class=\"elementor-widget-wrap elementor-element-populated\">\n\t\t\t\t\t\t\t\t<div class=\"elementor-element elementor-element-3ac6e41 elementor-widget elementor-widget-google_maps\" data-id=\"3ac6e41\" data-element_type=\"widget\" data-widget_type=\"google_maps.default\">\n\t\t\t\t<div class=\"elementor-widget-container\">\n\t\t\t\t\t<div class=\"elementor-custom-embed\">\n\t\t\t<iframe frameborder=\"0\" scrolling=\"no\" marginheight=\"0\" marginwidth=\"0\"\n\t\t\t\t\tsrc=\"https:\/\/maps.google.com\/maps?q=benzynowa%2050%2C%2083-021%20Przejazdowo&#038;t=m&#038;z=10&#038;output=embed&#038;iwloc=near\"\n\t\t\t\t\ttitle=\"benzynowa 50, 83-021 Przejazdowo\"\n\t\t\t\t\taria-label=\"benzynowa 50, 83-021 Przejazdowo\"\n\t\t\t><\/iframe>\n\t\t<\/div>\n\t\t\t\t<\/div>\n\t\t\t\t<\/div>\n\t\t\t\t\t<\/div>\n\t\t<\/div>\n\t\t\t\t\t\t\t<\/div>\n\t\t<\/section>\n\t\t\t\t<section class=\"elementor-section elementor-top-section elementor-element elementor-element-dc010bb elementor-section-boxed elementor-section-height-default elementor-section-height-default\" data-id=\"dc010bb\" data-element_type=\"section\">\n\t\t\t\t\t\t<div class=\"elementor-container elementor-column-gap-default\">\n\t\t\t\t\t<div class=\"elementor-column elementor-col-100 elementor-top-column elementor-element elementor-element-c29ac02\" data-id=\"c29ac02\" data-element_type=\"column\">\n\t\t\t<div class=\"elementor-widget-wrap elementor-element-populated\">\n\t\t\t\t\t\t\t\t<div class=\"elementor-element elementor-element-f6537bd elementor-widget elementor-widget-bariel_heading\" data-id=\"f6537bd\" data-element_type=\"widget\" data-widget_type=\"bariel_heading.default\">\n\t\t\t\t<div class=\"elementor-widget-container\">\n\t\t\t<div class=\"section-title\"><span class=\"small-title\" >MASZ PYTANIA ?<\/span><h2 \n\t\tclass=\"heading-title\">\n\t\t\n\t\tSkontaktuj si\u0119 z nami\n\n\t\t\n\t\t<\/h2><\/div>\t\t<\/div>\n\t\t\t\t<\/div>\n\t\t\t\t\t<\/div>\n\t\t<\/div>\n\t\t\t\t\t\t\t<\/div>\n\t\t<\/section>\n\t\t\t\t<section class=\"elementor-section elementor-top-section elementor-element elementor-element-b298795 elementor-section-boxed elementor-section-height-default elementor-section-height-default\" data-id=\"b298795\" data-element_type=\"section\">\n\t\t\t\t\t\t<div class=\"elementor-container elementor-column-gap-default\">\n\t\t\t\t\t<div class=\"elementor-column elementor-col-33 elementor-top-column elementor-element elementor-element-456a3c1\" data-id=\"456a3c1\" data-element_type=\"column\">\n\t\t\t<div class=\"elementor-widget-wrap elementor-element-populated\">\n\t\t\t\t\t\t\t\t<div class=\"elementor-element elementor-element-036713a elementor-widget elementor-widget-shortcode\" data-id=\"036713a\" data-element_type=\"widget\" data-widget_type=\"shortcode.default\">\n\t\t\t\t<div class=\"elementor-widget-container\">\n\t\t\t\t\t<div class=\"elementor-shortcode\">\n<div class=\"wpcf7 no-js\" id=\"wpcf7-f2274-o1\" lang=\"en-US\" dir=\"ltr\" data-wpcf7-id=\"2274\">\n<div class=\"screen-reader-response\"><p role=\"status\" aria-live=\"polite\" aria-atomic=\"true\"><\/p> <ul><\/ul><\/div>\n<form action=\"\/index.php\/wp-json\/wp\/v2\/pages\/2276#wpcf7-f2274-o1\" method=\"post\" class=\"wpcf7-form init\" aria-label=\"Contact form\" novalidate=\"novalidate\" data-status=\"init\">\n<fieldset class=\"hidden-fields-container\"><input type=\"hidden\" name=\"_wpcf7\" value=\"2274\" \/><input type=\"hidden\" name=\"_wpcf7_version\" value=\"6.1\" \/><input type=\"hidden\" name=\"_wpcf7_locale\" value=\"en_US\" \/><input type=\"hidden\" name=\"_wpcf7_unit_tag\" value=\"wpcf7-f2274-o1\" \/><input type=\"hidden\" name=\"_wpcf7_container_post\" value=\"0\" \/><input type=\"hidden\" name=\"_wpcf7_posted_data_hash\" value=\"\" \/><input type=\"hidden\" name=\"_wpcf7_recaptcha_response\" value=\"\" \/>\n<\/fieldset>\n<div class=\"row\">\n\t<div class=\"col-lg-6 col-md-6 col-sm-12\">\n\t\t<div class=\"form-item\">\n\t\t\t<p><span class=\"wpcf7-form-control-wrap\" data-name=\"your-name\"><input size=\"40\" maxlength=\"400\" class=\"wpcf7-form-control wpcf7-text wpcf7-validates-as-required\" id=\"name-input\" aria-required=\"true\" aria-invalid=\"false\" placeholder=\"Twoje imi\u0119\" value=\"\" type=\"text\" name=\"your-name\" \/><\/span><br \/>\n<label class=\"form-item-btn\"><i class=\"fa fa-user\"><\/i><\/label>\n\t\t\t<\/p>\n\t\t<\/div>\n\t<\/div>\n\t<div class=\"col-lg-6 col-md-6 col-sm-12\">\n\t\t<div class=\"form-item\">\n\t\t\t<p><span class=\"wpcf7-form-control-wrap\" data-name=\"email\"><input size=\"40\" maxlength=\"400\" class=\"wpcf7-form-control wpcf7-email wpcf7-validates-as-required wpcf7-text wpcf7-validates-as-email\" id=\"email-input\" aria-required=\"true\" aria-invalid=\"false\" placeholder=\"e-mail\" value=\"\" type=\"email\" name=\"email\" \/><\/span><br \/>\n<label class=\"form-item-btn\"><i class=\"fa fa-envelope\"><\/i><\/label>\n\t\t\t<\/p>\n\t\t<\/div>\n\t<\/div>\n\t<div class=\"col-lg-6 col-md-6 col-sm-12\">\n\t\t<div class=\"form-item\">\n\t\t\t<p><span class=\"wpcf7-form-control-wrap\" data-name=\"phone-number\"><input size=\"40\" maxlength=\"400\" class=\"wpcf7-form-control wpcf7-text wpcf7-validates-as-required\" id=\"phone-input\" aria-required=\"true\" aria-invalid=\"false\" placeholder=\"Numer telefonu\" value=\"\" type=\"text\" name=\"phone-number\" \/><\/span><br \/>\n<label class=\"form-item-btn\"><i class=\"fa fa-phone\"><\/i><\/label>\n\t\t\t<\/p>\n\t\t<\/div>\n\t<\/div>\n\t<div class=\"col-lg-6 col-md-6 col-sm-12\">\n\t\t<div class=\"form-item\">\n\t\t\t<p><span class=\"wpcf7-form-control-wrap\" data-name=\"subject\"><input size=\"40\" maxlength=\"400\" class=\"wpcf7-form-control wpcf7-text wpcf7-validates-as-required\" id=\"subject-input\" aria-required=\"true\" aria-invalid=\"false\" placeholder=\"Tytu\u0142 wiadomo\u015bci\" value=\"\" type=\"text\" name=\"subject\" \/><\/span><br \/>\n<label class=\"form-item-btn\"><i class=\"fa fa-edit\"><\/i><\/label>\n\t\t\t<\/p>\n\t\t<\/div>\n\t<\/div>\n\t<div class=\"col-sm-12\">\n\t\t<div class=\"form-textarea\">\n\t\t\t<p><span class=\"wpcf7-form-control-wrap\" data-name=\"message\"><textarea cols=\"40\" rows=\"10\" maxlength=\"2000\" class=\"wpcf7-form-control wpcf7-textarea wpcf7-validates-as-required\" id=\"textarea-input\" aria-required=\"true\" aria-invalid=\"false\" placeholder=\"Tre\u015b\u0107 wiadomo\u015bci\" name=\"message\"><\/textarea><\/span><br \/>\n<label class=\"form-item-btn\"><i class=\"fa fa-comments\"><\/i><\/label>\n\t\t\t<\/p>\n\t\t<\/div>\n\t\t<p><input class=\"wpcf7-form-control wpcf7-submit has-spinner custom-btn btn-block\" type=\"submit\" value=\"WY\u015aLIJ ZAPYTANIE\" \/>\n\t\t<\/p>\n\t<\/div>\n<\/div><noscript>\n\t\t\t<div class=\"wpcf7-response-output wpcf7-spam-blocked\">Your browser does not support JavaScript!. Please enable javascript in your browser in order to get form work properly.<\/div>\n\t<\/noscript><script type='text\/javascript'>\n\n\t\t\t\t\t\tif(contactform === undefined){\n\t\t\t\t\t\t\tvar contactform = [];\n\t\t\t\t\t\t}\n\t\t\t\t\t\tvar innerVal = [2274,'mail_sent_ok','Wys\u0142ane! Dzi\u0119kujemy za Twoja wiadomo\u015b\u0107.'];\n\t\t\t\t\t\tcontactform.push(innerVal);\n\t\t\t\t\t\tvar innerVal = [2274,'mail_sent_ng','Wyst\u0105pi\u0142 b\u0142\u0105d podczas wysy\u0142ania Twojej wiadomo\u015bci. Spr&oacute;buj wys\u0142a\u0107 ponownie p&oacute;\u017aniej.'];\n\t\t\t\t\t\tcontactform.push(innerVal);\n\t\t\t\t\t\tvar innerVal = [2274,'validation_error','Jedno lub wi\u0119cej p&oacute;l zawiera b\u0142\u0105d. Prosz\u0119 sprawd\u017a i wy\u015blij raz jeszcze.'];\n\t\t\t\t\t\tcontactform.push(innerVal);\n\t\t\t\t\t\tvar innerVal = [2274,'spam','Wyst\u0105pi\u0142 b\u0142\u0105d podczas wysy\u0142ania Twojej wiadomo\u015bci - prawdopodobnie zosta\u0142a oznaczona jako spam. Spr&oacute;buj wys\u0142a\u0107 ponownie.'];\n\t\t\t\t\t\tcontactform.push(innerVal);\n\t\t\t\t\t\tvar innerVal = [2274,'accept_terms','Musisz zaakceptowa\u0107 wymagane zgody zanim wy\u015blesz wiadomo\u015b\u0107.'];\n\t\t\t\t\t\tcontactform.push(innerVal);\n\t\t\t\t\t\tvar innerVal = [2274,'invalid_required','Wymagane pole nie zosta\u0142o wype\u0142nione.'];\n\t\t\t\t\t\tcontactform.push(innerVal);\n\t\t\t\t\t\tvar innerVal = [2274,'invalid_too_long','Jedno z p&oacute;\u0142 zawiera zbyt d\u0142ug\u0105 tre\u015b\u0107.'];\n\t\t\t\t\t\tcontactform.push(innerVal);\n\t\t\t\t\t\tvar innerVal = [2274,'invalid_too_short','Jedno z p&oacute;\u0142 zawiera zbyt kr&oacute;tka tre\u015b\u0107.'];\n\t\t\t\t\t\tcontactform.push(innerVal);\n\t\t\t\t\t\tvar innerVal = [2274,'upload_failed','Wgrywanie pliku nie powiod\u0142o si\u0119 z jakiego\u015b powodu.'];\n\t\t\t\t\t\tcontactform.push(innerVal);\n\t\t\t\t\t\tvar innerVal = [2274,'upload_file_type_invalid','Przes\u0142anie pliku danego typu jest zabronione.'];\n\t\t\t\t\t\tcontactform.push(innerVal);\n\t\t\t\t\t\tvar innerVal = [2274,'upload_file_too_large','Przesy\u0142any plik jest zbyt du\u017cy.'];\n\t\t\t\t\t\tcontactform.push(innerVal);\n\t\t\t\t\t\tvar innerVal = [2274,'upload_failed_php_error','Przes\u0142anie pliku nie powiod\u0142o si\u0119 z powodu b\u0142\u0119du PHP.'];\n\t\t\t\t\t\tcontactform.push(innerVal);\n\t\t\t\t\t\tvar innerVal = [2274,'invalid_date','Podany format daty jest niepoprawny.'];\n\t\t\t\t\t\tcontactform.push(innerVal);\n\t\t\t\t\t\tvar innerVal = [2274,'date_too_early','Data jest wcze\u015bniejsza, ni\u017c okre\u015blone minimum.'];\n\t\t\t\t\t\tcontactform.push(innerVal);\n\t\t\t\t\t\tvar innerVal = [2274,'date_too_late','Data jest p&oacute;\u017aniejsza, ni\u017c okre\u015blone maksimum.'];\n\t\t\t\t\t\tcontactform.push(innerVal);\n\t\t\t\t\t\tvar innerVal = [2274,'invalid_number','Podany format liczby jest niepoprawny.'];\n\t\t\t\t\t\tcontactform.push(innerVal);\n\t\t\t\t\t\tvar innerVal = [2274,'number_too_small','Liczba jest mniejsza ni\u017c okre\u015blone minimum.'];\n\t\t\t\t\t\tcontactform.push(innerVal);\n\t\t\t\t\t\tvar innerVal = [2274,'number_too_large','Liczba jest wi\u0119ksza, ni\u017c okre\u015blone maksimum.'];\n\t\t\t\t\t\tcontactform.push(innerVal);\n\t\t\t\t\t\tvar innerVal = [2274,'quiz_answer_not_correct','Nie udzielono poprawnej odpowiedzi na quiz.'];\n\t\t\t\t\t\tcontactform.push(innerVal);\n\t\t\t\t\t\tvar innerVal = [2274,'invalid_email','Adres e-mail jest niepoprawny.'];\n\t\t\t\t\t\tcontactform.push(innerVal);\n\t\t\t\t\t\tvar innerVal = [2274,'invalid_url','Podany adres URL jest niepoprawny.'];\n\t\t\t\t\t\tcontactform.push(innerVal);\n\t\t\t\t\t\tvar innerVal = [2274,'invalid_tel','Podany numer telefonu jest niepoprawny.'];\n\t\t\t\t\t\tcontactform.push(innerVal);\n\t\t\t\t\t\tvar innerVal = [2274,'gdpr',''];\n\t\t\t\t\t\tcontactform.push(innerVal);\n\t\t\t\t\t\t<\/script><p style=\"display: none !important;\" class=\"akismet-fields-container\" data-prefix=\"_wpcf7_ak_\"><label>&#916;<textarea name=\"_wpcf7_ak_hp_textarea\" cols=\"45\" rows=\"8\" maxlength=\"100\"><\/textarea><\/label><input type=\"hidden\" id=\"ak_js_1\" name=\"_wpcf7_ak_js\" value=\"111\"\/><script>document.getElementById( \"ak_js_1\" ).setAttribute( \"value\", ( new Date() ).getTime() );<\/script><\/p><div class=\"wpcf7-response-output\" aria-hidden=\"true\"><\/div>\n<\/form>\n<\/div>\n<\/div>\n\t\t\t\t<\/div>\n\t\t\t\t<\/div>\n\t\t\t\t\t<\/div>\n\t\t<\/div>\n\t\t\t\t<div class=\"elementor-column elementor-col-33 elementor-top-column elementor-element elementor-element-87f8ec5 elementor-hidden-phone elementor-hidden-tablet\" data-id=\"87f8ec5\" data-element_type=\"column\">\n\t\t\t<div class=\"elementor-widget-wrap elementor-element-populated\">\n\t\t\t\t\t\t\t\t<div class=\"elementor-element elementor-element-378a052 elementor-widget elementor-widget-spacer\" data-id=\"378a052\" data-element_type=\"widget\" data-widget_type=\"spacer.default\">\n\t\t\t\t<div class=\"elementor-widget-container\">\n\t\t\t\t\t<div class=\"elementor-spacer\">\n\t\t\t<div class=\"elementor-spacer-inner\"><\/div>\n\t\t<\/div>\n\t\t\t\t<\/div>\n\t\t\t\t<\/div>\n\t\t\t\t<div class=\"elementor-element elementor-element-c54202e elementor-widget elementor-widget-bariel_icons\" data-id=\"c54202e\" data-element_type=\"widget\" data-widget_type=\"bariel_icons.default\">\n\t\t\t\t<div class=\"elementor-widget-container\">\n\t\t\t<i class=\"\nflaticon-phone-call\"><\/i>\t\t<\/div>\n\t\t\t\t<\/div>\n\t\t\t\t<div class=\"elementor-element elementor-element-65e3732 elementor-widget elementor-widget-bariel_icons\" data-id=\"65e3732\" data-element_type=\"widget\" data-widget_type=\"bariel_icons.default\">\n\t\t\t\t<div class=\"elementor-widget-container\">\n\t\t\t<i class=\"\nflaticon-email\"><\/i>\t\t<\/div>\n\t\t\t\t<\/div>\n\t\t\t\t<div class=\"elementor-element elementor-element-e228d28 elementor-widget elementor-widget-bariel_icons\" data-id=\"e228d28\" data-element_type=\"widget\" data-widget_type=\"bariel_icons.default\">\n\t\t\t\t<div class=\"elementor-widget-container\">\n\t\t\t<i class=\"\nflaticon-location-1\"><\/i>\t\t<\/div>\n\t\t\t\t<\/div>\n\t\t\t\t\t<\/div>\n\t\t<\/div>\n\t\t\t\t<div class=\"elementor-column elementor-col-33 elementor-top-column elementor-element elementor-element-8266b17 elementor-hidden-tablet\" data-id=\"8266b17\" data-element_type=\"column\">\n\t\t\t<div class=\"elementor-widget-wrap elementor-element-populated\">\n\t\t\t\t\t\t\t\t<div class=\"elementor-element elementor-element-2272e3d fs-14 elementor-widget elementor-widget-bariel_heading\" data-id=\"2272e3d\" data-element_type=\"widget\" data-widget_type=\"bariel_heading.default\">\n\t\t\t\t<div class=\"elementor-widget-container\">\n\t\t\t<div class=\"section-title\"><span class=\"small-title\" >TELEFON<\/span><h2 \n\t\tclass=\"heading-title\">\n\t\t\n\t\t+48 730 90 30 90<br>\n+48 504 180 477\n\n\n\t\t\n\t\t<\/h2><\/div>\t\t<\/div>\n\t\t\t\t<\/div>\n\t\t\t\t<div class=\"elementor-element elementor-element-273ad69 fs-14 elementor-widget elementor-widget-bariel_heading\" data-id=\"273ad69\" data-element_type=\"widget\" data-widget_type=\"bariel_heading.default\">\n\t\t\t\t<div class=\"elementor-widget-container\">\n\t\t\t<div class=\"section-title\"><span class=\"small-title\" >E-MAIL<\/span><h2 \n\t\tclass=\"heading-title\">\n\t\t\n\t\tinfo@citygate.pl <br><br>\n\n\t\t\n\t\t<\/h2><\/div>\t\t<\/div>\n\t\t\t\t<\/div>\n\t\t\t\t<div class=\"elementor-element elementor-element-8d84a31 fs-14 elementor-widget elementor-widget-bariel_heading\" data-id=\"8d84a31\" data-element_type=\"widget\" data-widget_type=\"bariel_heading.default\">\n\t\t\t\t<div class=\"elementor-widget-container\">\n\t\t\t<div class=\"section-title\"><span class=\"small-title\" >BIURO<\/span><h2 \n\t\tclass=\"heading-title\">\n\t\t\n\t\tBenzynowa 50\n<br>83-021 GDA\u0143SK Przejazdowo\n\t\t\n\t\t<\/h2><\/div>\t\t<\/div>\n\t\t\t\t<\/div>\n\t\t\t\t\t<\/div>\n\t\t<\/div>\n\t\t\t\t\t\t\t<\/div>\n\t\t<\/section>\n\t\t\t\t\t\t\t<\/div>\n\t\t","protected":false},"excerpt":{"rendered":"","protected":false},"author":2,"featured_media":0,"parent":0,"menu_order":0,"comment_status":"closed","ping_status":"closed","template":"elementor_header_footer","meta":{"footnotes":""},"class_list":["post-2276","page","type-page","status-publish","hentry"],"_links":{"self":[{"href":"https:\/\/citygate.pl\/index.php\/wp-json\/wp\/v2\/pages\/2276","targetHints":{"allow":["GET"]}}],"collection":[{"href":"https:\/\/citygate.pl\/index.php\/wp-json\/wp\/v2\/pages"}],"about":[{"href":"https:\/\/citygate.pl\/index.php\/wp-json\/wp\/v2\/types\/page"}],"author":[{"embeddable":true,"href":"https:\/\/citygate.pl\/index.php\/wp-json\/wp\/v2\/users\/2"}],"replies":[{"embeddable":true,"href":"https:\/\/citygate.pl\/index.php\/wp-json\/wp\/v2\/comments?post=2276"}],"version-history":[{"count":19,"href":"https:\/\/citygate.pl\/index.php\/wp-json\/wp\/v2\/pages\/2276\/revisions"}],"predecessor-version":[{"id":4095,"href":"https:\/\/citygate.pl\/index.php\/wp-json\/wp\/v2\/pages\/2276\/revisions\/4095"}],"wp:attachment":[{"href":"https:\/\/citygate.pl\/index.php\/wp-json\/wp\/v2\/media?parent=2276"}],"curies":[{"name":"wp","href":"https:\/\/api.w.org\/{rel}","templated":true}]}}